Suppose -6*i + 2*i - 8 = 0. Let c be 1*(1*i + 2). Let k(s) = s**2 - 2*s + 3. Let j(w) = -w**2 + w - 3. Let f(p) = 3*j(p) + 2*k(p). Determine f(c).
-3
Let y be (-12)/(-18) + (-2)/3. Let f(t) = t**3 + t**2 - t + 5. Determine f(y).
5
Let p(j) = 2*j**2 + 4*j - 1. Suppose 0 = -5*k - 3*q - 27, -2*q - 6 = -2*k + q. Calculate p(k).
5
Let h(r) = 1 + 9*r - 11*r + 0*r. Determine h(-2).
5
Let c(w) = w**2 - 4*w + 1. Let x be c(5). Let b be (-2)/4 - x/(-4). Suppose 0 = -3*f - 4 + b. Let t(v) = 4*v**2 + v + 1. Determine t(f).
4
Let f(x) be the second derivative of 0 + 2*x + 5/2*x**2 - 1/12*x**4 + 1/3*x**3. Suppose -3*r - 1 = 4*y - 2, -3*y - 13 = 5*r. Determine f(y).
-3
Let q(s) = -4*s + 2. Suppose -2*z - 10 - 2 = 0. Let v be (-8)/z + (-14)/(-21). Determine q(v).
-6
Suppose 2 = b - 0. Let r(q) = 2*q**2 + 10 - 17 + 6 - 4*q + 3*q. Give r(b).
5
Let l(r) = r**3 - 5*r**2 - r + 2. Suppose -11 = -4*g + 9. Calculate l(g).
-3
Let s(p) = -p + 2. Let x be s(-1). Let t(b) = 2*b + 4*b**3 + 0*b**x - b - b**3. Determine t(1).
4
Let g(x) = 4*x + 11. Let s(m) = -6*m - 16. Let q(f) = 7*g(f) + 5*s(f). Let k(r) = -9*r + 70. Let l be k(8). What is q(l)?
1
Let y(a) = a**3 - 5*a**2 - 4*a - 2. Suppose -3*s + 45 = 2*s - 3*r, 5*s - 40 = 2*r. Give y(s).
10
Let p(w) = -22 + 12 + 11 - 10*w. Give p(1).
-9
Let g(k) = k**2 - 3*k + 3. Let s be (-2)/(-7) + (-96)/(-56). Give g(s).
1
Let k(s) = 5*s + 1. Suppose -2*i - 3*q - 7 = -4*i, -i + 3*q + 8 = 0. Determine k(i).
-4
Let f(u) = 9*u**2 - 3*u - 4. Let p(h) = 4*h**2 - h - 2. Let j(i) = -i. Let o be j(2). Let s(m) = o*f(m) + 5*p(m). Let q be 1 - (1/(-1) + 0). Calculate s(q).
8
Let n = 10 + -6. Let g(o) = -o**3 + 4*o**2 + 3. Calculate g(n).
3
Let v(m) be the third derivative of m**4/8 + m**3/6 + 11*m**2. Let r(n) = -n - 6. Let k be r(-6). Let y be (4 + k)*(-2)/4. Give v(y).
-5
Let j(t) = t**2 + 7*t + 6. Suppose -312 = -2*o + 6*o. Let k be (-1)/(-2) + o/12. Determine j(k).
0
Let l(i) = -i + 8. Let m be (-1)/(2/(-3))*-4. Let t = m + 8. Suppose -f = t*f - 12. Give l(f).
4
Let c be 24/10 - 12/(-20). Suppose -5*u = -c*z + 15, -z - 2*u = 4*z + 6. Let b(y) = -y**3 - y**2 + y - 10. Determine b(z).
-10
Let m(b) = -b**2 + b - 4. Suppose -o = o. What is m(o)?
-4
Let r(w) be the second derivative of w**5/20 + w**4/4 - w**3/6 - 3*w**2/2 + 30*w. Calculate r(-4).
-15
Let v(a) be the third derivative of a**5/60 + a**4/3 + 4*a**3/3 + 4*a**2. Let n(y) = y**2 + 9*y + 9. Let g(p) = 2*n(p) - 3*v(p). What is g(-5)?
-1
Suppose -3*j = -6 - 3. Let p(g) = -g - 5*g**2 + 6*g + g**3 + j - 7. What is p(4)?
0
Let s(g) = 5 - 3 - 2*g - 1. Suppose -5*y = x - 6*x, -x + 5*y - 20 = 0. Determine s(x).
-9
Let s(i) = -2*i**2 - 5*i - 4. Let z be s(-3). Let m(t) = t**3 + 6*t**2 - 5*t + 8. What is m(z)?
-6
Let s(p) be the second derivative of -p**7/840 - p**6/90 + p**5/20 - p**4/6 - 2*p**3/3 + 3*p. Let f(t) be the second derivative of s(t). Calculate f(-5).
-9
Let o(c) = -13*c**2 - 3*c - 1. Let w(b) = b. Let p(y) = -o(y) - 3*w(y). Give p(1).
14
Let k(y) = y**2 - 3*y - 1. Let z(o) = -o**2 - 2*o - 2. Let u be z(0). Give k(u).
9
Let m(g) = g**2 - 19 + 2*g + 23 + 5*g. What is m(-4)?
-8
Let t = -1 + 8. Let j(p) = -p - t - 3*p**2 + 4*p + 4*p**2 - 2*p. What is j(-5)?
13
Suppose 0 = -j - 3*m + 3, -1 = 2*m - 5. Let y(p) be the second derivative of 1/6*p**4 + 0 - 3/2*p**2 + 1/2*p**3 - 2*p. Give y(j).
6
Let r(k) = k**3 - k + 1. Let y(o) be the first derivative of o**4/4 + 8*o**3/3 - o**2/2 - 8*o + 2. Let s be y(-8). What is r(s)?
1
Let t(m) be the third derivative of -m**6/120 + m**5/15 - m**4/24 - m**3/6 - m**2. Suppose -3*f + 6*f - 24 = 0. Suppose -4 - f = -4*n. Calculate t(n).
5
Suppose -3*j = 3*m, j + 6 = m + m. Let a = 7 + j. Let g(w) be the second derivative of -w**3/6 + 3*w**2 - 9*w. What is g(a)?
1
Let j(t) = 8 + 0*t**2 - t**2 - 5 + 5*t. Let h(w) = w**2 + 2*w - 5. Let z be h(-4). Suppose 0 = r - z*r + 8. What is j(r)?
7
Let f(z) = 3*z + 1. Suppose -2*m + 11 - 5 = 0. Let c be 4*m/(-15)*5. What is f(c)?
-11
Let b(k) = k**2 - 4*k - 3. Let h be b(5). Let l(n) = 3 + n**h - 4 - 3*n + 0 - 2*n. Determine l(6).
5
Let b(n) = -3*n + 0 + 0 + n**2. Let h be b(4). Let t(m) = 2*m + 2*m**3 - 5 - 3*m**3 + 3*m**2 + 4*m. Determine t(h).
3
Let v(l) = l**3 + 6*l**2 + 5*l + 2. Let k be v(-5). Let i(j) = -3*j - 3*j**k - 5*j + 4*j + 5*j**2 - 1. Determine i(3).
5
Let l(m) = m + 1. Let u(t) = 2*t**2 - 5*t + 3. Let g be u(3). Let r(x) = -2*x**3 - x**3 + g - 2*x**2 + 2*x**3 + 8*x. Let v(z) = -4*l(z) + r(z). Give v(-3).
-1
Let d(x) = -x**2. Let n be d(1). Let q(c) = -c. Let z(i) = -2*i + 0*i - 1 - 2 + 0*i. Let f(a) = n*q(a) + z(a). Calculate f(-3).
0
Let f(k) = -k + 1. Let i(w) = 4*w**3 - 2*w**2 - w. Suppose -4*z + g + 0 = 1, -5*z = -4*g - 7. Let l be i(z). Calculate f(l).
6
Let z(j) = -1 - 3*j**2 + 2*j - 1 + 2*j**2 + 2*j**2. Suppose -q = 3*m + 5 + 2, -3*q = 3*m + 3. Determine z(m).
1
Let z(a) = -a**3 + 2. Suppose -3*m = -m - 82. Suppose 5*b - 6*t = -2*t - m, 0 = 3*b + 3*t + 3. Let w = -3 - b. Determine z(w).
-6
Let f(l) = -5*l**2 - 5*l**2 + 9*l**2 - 5*l - 1. Calculate f(-5).
-1
Let y(t) = t - 2. Let f = -7 + 8. Let b(z) = z + f - z - 3 - z. Let p be b(-4). Determine y(p).
0
Let f(q) = 9*q**3 - 6*q**3 - 3*q**2 - 21*q - 3 + 24*q. Calculate f(2).
15
Let h = 10 + -4. Let o(l) = l**3 + h + 3 - 4 + 3. What is o(0)?
8
Let t(r) = -9*r**2 + 2*r - 1. Let w = -1 - -4. Let j(y) = y**2 - 10*y + 13. Let h be j(9). Suppose h - 1 = w*u. What is t(u)?
-8
Let n(h) = -3*h**3 + 9*h**2 - 6*h - 4. Let l(v) = -v**3 + v + 1. Let i(y) = -2*l(y) + n(y). Calculate i(8).
-6
Let s(x) = x - 1. Suppose -h - 2*h + 121 = 5*d, -3*h + 3*d = -81. Let y be (18/8)/((-12)/h). Let v be (y/4)/(6/8). What is s(v)?
-3
Let k(v) = 0*v**2 - 3*v**2 + 8 + 2*v**2 + 6*v - 4. Suppose c + 8 = 5*c. Let o be (-10)/(-15)*c*3. Give k(o).
12
Suppose 5*t + 5*f = 30, -15 = -2*f - f. Let v(u) = -10*u**3 + 2*u - 1. What is v(t)?
-9
Let h(t) = -2*t**3 + 2*t**2 + 2. Suppose 3*m - 17 = -4*q + 22, 3*q + 3*m = 33. Suppose -2*a - 8 = -q*a + 5*n, 0 = 2*n. Determine h(a).
-6
Let t(d) be the third derivative of -d**4/12 + d**3/6 + 2*d**2. Let x = 7 + -7. Suppose -4*g - 21 = -5*v, -g + 4*v - 19 + x = 0. What is t(g)?
-1
Let b(s) be the second derivative of -s**4/12 - s. Let l = -6 + 7. Calculate b(l).
-1
Let v(l) = l**3 - 5*l**2 - 7*l + 8. Let b be v(6). Let o(n) = -2 + b*n + 0 + 7. What is o(-5)?
-5
Let g(b) = -b**3 - 7*b**2 - 3*b + 4. Let l(u) = u**2 - 1. Let s(j) = -g(j) - 4*l(j). Suppose 21 - 6 = -3*i. Let c = 3 + i. Determine s(c).
-2
Let t(a) = 5*a**3 + 16*a**2 - 6*a + 1. Let g(q) = -q**3 - 3*q**2 + q. Let v(m) = -11*g(m) - 2*t(m). Give v(0).
-2
Let h = 33 - 36. Let k(n) = n**3 + 3*n**2 + 3*n - 1. Determine k(h).
-10
Let i(k) = 2*k**2 - k. Let w = 7 - 6. Suppose 5*t - 9 = w. Give i(t).
6
Suppose -3*k = m + 8, -5*k = -m - 3*m - 15. Let y(r) = 3*r - 7. Let d(b) = 3*b - 7. Let g(f) = m*y(f) + 4*d(f). Determine g(5).
-8
Let a(k) = -3*k**2 + 3*k + 12. Let z(o) = -7*o**2 + 7*o + 25. Let i(s) = 5*a(s) - 2*z(s). Let f be 1/(-5) - (49/5 + -10). Determine i(f).
10
Let t(k) = k**3 - 16*k**2 - 18*k + 10. Let i be t(17). Let p(q) = q - 8. Calculate p(i).
-15
Let d = -8 + 14. Let o = d - 2. Let h(q) = -q**2 + 2*q - 1. What is h(o)?
-9
Let z(u) = -u - 3. Let y be z(-7). Let x(o) = o**3 - y*o + 4 - 3*o + 2*o + 4*o - 2*o**2. Calculate x(3).
10
Let p(h) = h**2 + 9*h - 9. Let s be p(-10). Let r(v) = -v. Let x(m) = -3*m**2 + m + 1. Let l(c) = -3*r(c) - x(c). Give l(s).
4
Let x(t) be the second derivative of -t**5/20 + t**4/6 + t**3/6 - t**2/2 + 2*t - 185. Let h = -6 - -4. What is x(h)?
13
Suppose -i + 6 = 5. Let y(c) = -c**2 + c - 1. Give y(i).
-1
Suppose -2*f = 2*f - 16. Let a(k) = -k - f + 2 + 1. Let w = 3 + -6. Determine a(w).
2
Suppose 96 = -0*d + 3*d. Suppose 4*w = 5*v + d, -2*w + 26 = -0*w - 5*v. Let f(k) = k + 2. Give f(w).
5
Let p(g) = 0 - 3 + 4 - 2*g**2. Give p(-2).
-7
Let t = 0 - 1. Let w be (2/(-4))/((-3)/102). Let s(p) = 6*p + 13*p + 1 - w*p. What is s(t)?
-1
Let u be (6 + 9)*(-5)/(-1). Let g(d) = 76*d**3 + 4*d - 5*d - 2 - u*d**3 - d**2. What is g(3)?
13
Let s(b) = 3*b - 4. Let l(o) = -4*o + 5. Let i = 7 - 5. Let w(z) = i*l(z) + 3*s(z). Determine w(-4).
-6
Let q(o) = 2*o**2 - o + 1. Let y be q(1). Let u(f) = 4 + y*f + 0 - 2. Suppose 0 = -b - 3*b - 8. Give u(b).
-2
Let p(b) = -4*b - 1. 